p(l) = -6*b(l) + d(l). List the prime factors of p(-16).
2, 17
Let d = -59 + 59. Let x(o) = -o**3 - 2*o + 2. What are the prime factors of x(d)?
2
Let s = 30 + -23. Let l = 22 - -6. Let a = l + s. List the prime factors of a.
5, 7
Let t be (157 - (-6 + 9)) + (2 - 0). Let j = t - 36. List the prime factors of j.
2, 3, 5
List the prime factors of (-255)/12*(1 - (-1 - -6)).
5, 17
Let a(h) = h**2 - 10*h - 2. Let v = 44 - 52. List the prime factors of a(v).
2, 71
Suppose 22*k - 9000 = -18*k. List the prime factors of k.
3, 5
Let y(f) = 2*f**3 + 4*f**2 - 4*f + 3. Let b be y(2). Suppose b*c - 312 = 24*c. What are the prime factors of c?
2, 13
Let y = 622 - 108. What are the prime factors of y?
2, 257
Let v = 50 - 41. Suppose -i = v*i - 1190. What are the prime factors of i?
7, 17
Let r(b) = b**2 - 18*b + 11. Let z be r(16). Let a = 23 + z. Suppose -a*m = -4*m + 88. List the prime factors of m.
2, 11
Let o = 3 + -5. Let y be o*3/(-2) - -6. Suppose -y*w = -5*w - 272. List the prime factors of w.
2, 17
Suppose p = 12*p - 7854. What are the prime factors of p?
2, 3, 7, 17
Suppose -3*q = -4*v + 24, -18 = -4*v + 5*q + 14. Suppose d + v*d = 12. Suppose a + 93 = -0*c + 5*c, -45 = -2*c + d*a. List the prime factors of c.
2, 3
Let m = 102 - 131. Suppose 143 = 3*w + 5*a, 5*w - a - 119 = 2*w. Let b = w + m. What are the prime factors of b?
2, 3
Suppose 1694 = 2*l - 4*u, -10*l + 14*l = -4*u + 3424. List the prime factors of l.
853
Let o = -22 - -17. Let l be 2 + 7 + 20/o. Suppose 4*n = -3*h + 62, -n + l*n = h - 10. What are the prime factors of h?
2, 3
Let o be (-1 - 3)/(-2 + 0). Suppose -5*g = -o*g - 3*f, 4*f = 16. Suppose g*p = -0*p + 56. What are the prime factors of p?
2, 7
Let a(b) = -b**3 - 4*b**2 + 2*b - 3. Let j be a(-5). Let n = 15 - j. Suppose n*v + 76 = 4*r - 0*v, r + 5*v = 19. What are the prime factors of r?
19
Let l = -77 + 43. Let c = 24 + l. Let z = c + 14. List the prime factors of z.
2
Let j be (-2 - -2 - 3)/(-1). Suppose 5*k + 4*w + 22 = 0, j*k - w = w. List the prime factors of 189/(-18)*1*k.
3, 7
Let f(h) = 8*h + 13*h + h + 10 + 0. Let y be f(5). List the prime factors of y/54 + 2/(-9).
2
Let k(v) = 1801*v + 20. Let w be k(-8). List the prime factors of (0 - (-2)/8)/((-33)/w).
109
Suppose 0 = -12*w + w - 110. What are the prime factors of (1/(w/(-6)))/((-1)/(-10))?
2, 3
Let b(f) = -4*f - 12*f**2 + f**3 + 0*f**3 - 2*f**3 - 7. Let s(a) = 11*a**3 - 4*a**2 + 3. Let h be s(-1). List the prime factors of b(h).
41
Let i(m) = -64*m + 2. Suppose 0 = -2*x + x + c - 3, 0 = 5*x - 4*c + 13. List the prime factors of i(x).
2, 3, 11
Let g(k) = -66*k. Let t = 8 - 12. Let o be t/10 - 6/10. List the prime factors of g(o).
2, 3, 11
Let v = -638 - -1132. Suppose 3*f - 79 = 3*u + 287, 4*f - v = u. Suppose 4*w - 12 = f. List the prime factors of w.
2, 17
Suppose 0*j = 5*j + 30. Let f = 11 + j. Suppose 0 = 3*i + m - 7, -4*m = 4*i + 1 - f. List the prime factors of i.
3
Suppose 0 = -2*d - d + 138. Suppose 3*p - 2*p - d = -5*t, 4*p = -4*t + 168. Let o = -16 + p. List the prime factors of o.
5
Suppose 20 = 3*m - 5*m. Let k(g) = -g**2 - 9*g + 3. Let f be k(m). Let x(q) = q**2 + 7*q + 4. List the prime factors of x(f).
2
Let c(z) = -z**2 + 3 + 2*z**2 + 2*z**3 - 2 + 0*z**2 - 3*z. What are the prime factors of c(2)?
3, 5
Let g(p) = -p - 24. Let r be g(-19). Let d = 28 + r. What are the prime factors of d?
23
Let c = -13 - -22. List the prime factors of 1124/10 - (c/(-15) + 1).
2, 7
Suppose 0 = 5*q - 5*s - 2060, -2*q + 870 - 58 = 2*s. What are the prime factors of q?
409
Suppose 150 = -5*k + l, -5*k + 2*l = 63 + 92. Suppose -4*d + 152 = -80. Let y = d + k. List the prime factors of y.
29
Let c be -2*(8/2 + -6). Let p(a) = a**2 + 4*a + 3. Let n be p(c). Suppose -4*m = -131 + n. What are the prime factors of m?
2, 3
Let l = -16 - -13. List the prime factors of (7 - 2)/(l/(-63)).
3, 5, 7
Let f(b) be the third derivative of b**6/120 - b**5/10 - b**4/2 + 5*b**3/3 + 4*b**2. Let n be f(8). Suppose -3*k - n + 135 = 0. What are the prime factors of k?
31
Suppose -3*t = 2*t - 15010. What are the prime factors of ((t/(-8))/(-19))/((-1)/(-12))?
3, 79
Let y be 1*((-2)/7 + 32/14). Let h(t) = t - 1. Let i be h(5). Suppose -5*g + 10 = 0, -2*g = i*v - 58 + y. List the prime factors of v.
13
List the prime factors of 347 + 2 + 49/7.
2, 89
Suppose -g + 3242 = 26*y - 27*y, 5*g = y + 16218. List the prime factors of g.
2, 811
Suppose -6 = k + 1. Let f(b) = -b - 9. Let m be f(k). What are the prime factors of (-256 - -4)/(-4) - m?
5, 13
Suppose -v = -2 - 10. What are the prime factors of 808/v - (-4)/6?
2, 17
Suppose 0 = s - 4*s - 45. List the prime factors of -5*(s - 4) - 1.
2, 47
Suppose -12*z + 4485 = -6987. List the prime factors of z.
2, 239
Let s(m) = m**3 + 16*m**2 + 9*m - 14. Let n be s(-14). Let b = n - 174. What are the prime factors of b?
2, 3, 13
List the prime factors of (-21)/(21/8) + 439.
431
Let f = 6 - -4. Let w(v) = -v**3 + 11*v**2 - 11*v + 14. Let b be w(f). Suppose -8*l = -b*l - 128. List the prime factors of l.
2
Suppose 0 = -11*b + 8*b + 459. Suppose 380 = -b*g + 158*g. List the prime factors of g.
2, 19
Suppose -2*k = -2 - 4. Suppose 5*t + 108 = k*t. Let x = t + 94. List the prime factors of x.
2, 5
Let l = -8 - -10. Let d be (2/(-2))/((-1)/l). List the prime factors of d/(-10) - 202/(-10).
2, 5
Let n = 15 - 10. Suppose 220 = n*b + 5*j, -2*b + 4*j - 38 = -3*b. Suppose 2*g - b = g. List the prime factors of g.
2, 23
Let q be (-978)/8 + (-6)/8. Let j be q/(-2*(-6)/8). List the prime factors of (-2)/(-7) - j/7.
2, 3
Let r = 4904 + -1290. List the prime factors of r.
2, 13, 139
Suppose -2*y = 336 - 1590. What are the prime factors of y?
3, 11, 19
Suppose 0*z = 3*z, 4*x - 8 = 2*z. What are the prime factors of (-4)/(8/(-6)) - (-104 + x)?
3, 5, 7
Suppose 0 = 3*x + 2*c + 47, 0 = -5*x + 2*c + 9 - 82. Let m(b) = b**3 + 17*b**2 + 12*b - 20. What are the prime factors of m(x)?
2, 5
Let v be ((-284)/16)/(1/12). Let q = 46 - v. List the prime factors of q.
7, 37
What are the prime factors of 273*(-4 + (-32)/(-6))?
2, 7, 13
Let g = 68 + -17. Suppose -5*n - 286 = -g. Let t = 86 + n. List the prime factors of t.
3, 13
Let z = 4 + 2. Suppose r = 4*r - z. Suppose -4*w - y = -127, r*y - 95 = -3*w + y. What are the prime factors of w?
2
Let r(y) = -23*y + 7. Let w be r(18). Let x = -290 - w. List the prime factors of x.
3, 13
Let l = -5 + 8. Suppose -l*a - 2 + 179 = 0. List the prime factors of a.
59
Let b(y) = 0*y**2 - 6 + 21*y**2 + y**2 + 0*y + 2*y. Let p be b(6). What are the prime factors of p/49 - 4/14?
2
Let c = -397 + 691. What are the prime factors of c?
2, 3, 7
Let n be 90/2 + (-3)/12*-4. Let r = 59 - n. List the prime factors of r.
13
Suppose f = -2*u + 2391, -35*f - 2*u = -31*f - 9576. List the prime factors of f.
5, 479
Let a(c) = c**2 - c + 29. Let r be (3 - 12/4) + -11. List the prime factors of a(r).
7, 23
Let s be 1/(-4) - 188/16. What are the prime factors of -43*(-4)/s*-3?
43
Suppose -5*x + 170 = 3*a - 855, 0 = -a - 5. What are the prime factors of x?
2, 13
Suppose 45*a = 44*a + 5*f + 483, 5*a - 2525 = 3*f. List the prime factors of a.
2, 127
Suppose -2*v = -v - 5. Suppose -602 = -5*q + p, 0*p - p = v*q - 608. What are the prime factors of q?
11
Let y(z) = -z**3 - 6*z**2 + 5*z - 10. Let q be y(-7). Let v = 447 - 312. Suppose 5*a + v = -3*h + 419, 3*a - q*h = 153. List the prime factors of a.
5, 11
Let i be ((-5)/(-10))/((-3)/(-6)). Let r be (32/(-16))/(2*i). What are the prime factors of (-9)/(r - -4) - -53?
2, 5
Let b = 4287 - 2662. What are the prime factors of b?
5, 13
Suppose 0 = -0*d + 6*d - 8940. What are the prime factors of d?
2, 5, 149
Suppose -9*h = -4*h. Suppose h = u - 26 - 20. Let x = u + -28. List the prime factors of x.
2, 3
Let y(t) = -t + 7. Let o be y(-18). Suppose 5*c - o = -0*c. Suppose -4*w - 3*f = w - 77, -c*f = 5*w - 75. List the prime factors of w.
2
Let z(o) = 151*o**2 + 32*o - 17. List the prime factors of z(-4).
3, 757
Let l(v) = 9*v**2 + 40*v + 166. What are the prime factors of l(-21)?
5, 659
What are the prime factors of 6/(-15)*(-3 - 5842)?
2, 7, 167
Let h = 27 - -8. List the prime factors of 399/h + (-2)/5.
11
Let z(p) = -p**2 + 8*p - 10. Let b be z(6). Suppose 0 = -b*x + 4*w - w + 80, -x = 3*w - 31. List the prime factors of x.
37
Suppo